{"id":6,"date":"2021-07-04T20:20:46","date_gmt":"2021-07-04T23:20:46","guid":{"rendered":"https:\/\/adspapelaria.com.br\/?page_id=6"},"modified":"2023-01-04T15:14:58","modified_gmt":"2023-01-04T18:14:58","slug":"adspapelaria","status":"publish","type":"page","link":"https:\/\/www.adspapelaria.com.br\/","title":{"rendered":""},"content":{"rendered":"\n<div class=\"wp-container-1 wp-block-group\"><div class=\"wp-block-group__inner-container\"><p class=\"fonts-plugin-block\" style=\"font-weight: normal;font-size: 32px;line-height: 1;text-align: center;color: #ffffff;\">Na adspapelaria voc\u00ea encontra<\/p>\n\n<p class=\"fonts-plugin-block\" style=\"font-family: Fredoka One;font-weight: normal;font-size: 28px;text-align: center;color: #ffffff;\">#Convites <sub> <\/sub>#Topo de Bolo  #Im\u00e3s  #Tags  #Toppers  #R\u00f3tulos e Adesivos  #Save the Date  #M\u00e1scaras  #Lembrancinhas Personalizadas  # Forminhas para Doces  #Apliques  #Tubetes  #Caixinhas<\/p><\/div><\/div>\n\n\n<p class=\"fonts-plugin-block\" style=\"font-weight: normal;font-size: 32px;text-align: center;color: #ffffff;\">Enviamos Para Todo o Brasil !<\/p>","protected":false},"excerpt":{"rendered":"","protected":false},"author":2,"featured_media":330,"parent":0,"menu_order":0,"comment_status":"closed","ping_status":"closed","template":"templates\/template-full-width.php","meta":[],"yoast_head":"<!-- This site is optimized with the Yoast SEO plugin v16.6.1 - https:\/\/yoast.com\/wordpress\/plugins\/seo\/ -->\n<title>Adspapelaria &raquo; Papelaria Personalizada &raquo; Lembrancinhas para Festas<\/title>\n<meta name=\"description\" content=\"Na adspapelaria Nosso principal objetivo \u00e9 transformar seus momentos especiais em lembran\u00e7as inesquec\u00edveis &gt;&gt; adspapelaria.com.br\" \/>\n<meta name=\"robots\" content=\"index, follow, max-snippet:-1, max-image-preview:large, max-video-preview:-1\" \/>\n<link rel=\"canonical\" href=\"https:\/\/www.adspapelaria.com.br\/\" \/>\n<meta property=\"og:locale\" content=\"pt_BR\" \/>\n<meta property=\"og:type\" content=\"article\" \/>\n<meta property=\"og:title\" content=\"https:\/\/www.facebook.com\/adspapelaria\" \/>\n<meta property=\"og:description\" content=\"Na adspapelaria Nosso principal objetivo \u00e9 transformar seus momentos especiais em lembran\u00e7as inesquec\u00edveis &gt;&gt; adspapelaria.com.br\" \/>\n<meta property=\"og:url\" content=\"https:\/\/www.adspapelaria.com.br\/\" \/>\n<meta property=\"og:site_name\" content=\"Adspapelaria\" \/>\n<meta property=\"article:publisher\" content=\"https:\/\/www.facebook.com\/adspapelaria\/\" \/>\n<meta property=\"article:modified_time\" content=\"2023-01-04T18:14:58+00:00\" \/>\n<meta property=\"og:image\" content=\"https:\/\/www.adspapelaria.com.br\/wp-content\/uploads\/2021\/07\/Logo_ADSPAPELARIA_OK_Simples-e1672855614494.png\" \/>\n\t<meta property=\"og:image:width\" content=\"312\" \/>\n\t<meta property=\"og:image:height\" content=\"310\" \/>\n<meta name=\"twitter:card\" content=\"summary_large_image\" \/>\n<script type=\"application\/ld+json\" class=\"yoast-schema-graph\">{\"@context\":\"https:\/\/schema.org\",\"@graph\":[{\"@type\":\"Organization\",\"@id\":\"https:\/\/www.adspapelaria.com.br\/#organization\",\"name\":\"adspapelaria\",\"url\":\"https:\/\/www.adspapelaria.com.br\/\",\"sameAs\":[\"https:\/\/www.facebook.com\/adspapelaria\/\",\"https:\/\/www.instagram.com\/adspapelaria\/\"],\"logo\":{\"@type\":\"ImageObject\",\"@id\":\"https:\/\/www.adspapelaria.com.br\/#logo\",\"inLanguage\":\"pt-BR\",\"url\":\"https:\/\/www.adspapelaria.com.br\/wp-content\/uploads\/2021\/07\/Logo_ADSPAPELARIA_OK_Simples.png\",\"contentUrl\":\"https:\/\/www.adspapelaria.com.br\/wp-content\/uploads\/2021\/07\/Logo_ADSPAPELARIA_OK_Simples.png\",\"width\":689,\"height\":684,\"caption\":\"adspapelaria\"},\"image\":{\"@id\":\"https:\/\/www.adspapelaria.com.br\/#logo\"}},{\"@type\":\"WebSite\",\"@id\":\"https:\/\/www.adspapelaria.com.br\/#website\",\"url\":\"https:\/\/www.adspapelaria.com.br\/\",\"name\":\"Adspapelaria\",\"description\":\"\",\"publisher\":{\"@id\":\"https:\/\/www.adspapelaria.com.br\/#organization\"},\"potentialAction\":[{\"@type\":\"SearchAction\",\"target\":{\"@type\":\"EntryPoint\",\"urlTemplate\":\"https:\/\/www.adspapelaria.com.br\/?s={search_term_string}\"},\"query-input\":\"required name=search_term_string\"}],\"inLanguage\":\"pt-BR\"},{\"@type\":\"ImageObject\",\"@id\":\"https:\/\/www.adspapelaria.com.br\/#primaryimage\",\"inLanguage\":\"pt-BR\",\"url\":\"https:\/\/www.adspapelaria.com.br\/wp-content\/uploads\/2021\/07\/Logo_ADSPAPELARIA_OK_Simples-e1672855614494.png\",\"contentUrl\":\"https:\/\/www.adspapelaria.com.br\/wp-content\/uploads\/2021\/07\/Logo_ADSPAPELARIA_OK_Simples-e1672855614494.png\",\"width\":312,\"height\":310,\"caption\":\"adspapelaria\"},{\"@type\":\"WebPage\",\"@id\":\"https:\/\/www.adspapelaria.com.br\/#webpage\",\"url\":\"https:\/\/www.adspapelaria.com.br\/\",\"name\":\"Adspapelaria &raquo; Papelaria Personalizada &raquo; Lembrancinhas para Festas\",\"isPartOf\":{\"@id\":\"https:\/\/www.adspapelaria.com.br\/#website\"},\"primaryImageOfPage\":{\"@id\":\"https:\/\/www.adspapelaria.com.br\/#primaryimage\"},\"datePublished\":\"2021-07-04T23:20:46+00:00\",\"dateModified\":\"2023-01-04T18:14:58+00:00\",\"description\":\"Na adspapelaria Nosso principal objetivo \\u00e9 transformar seus momentos especiais em lembran\\u00e7as inesquec\\u00edveis >> adspapelaria.com.br\",\"breadcrumb\":{\"@id\":\"https:\/\/www.adspapelaria.com.br\/#breadcrumb\"},\"inLanguage\":\"pt-BR\",\"potentialAction\":[{\"@type\":\"ReadAction\",\"target\":[\"https:\/\/www.adspapelaria.com.br\/\"]}]},{\"@type\":\"BreadcrumbList\",\"@id\":\"https:\/\/www.adspapelaria.com.br\/#breadcrumb\",\"itemListElement\":[{\"@type\":\"ListItem\",\"position\":1,\"name\":\"Home\",\"item\":\"https:\/\/www.adspapelaria.com.br\/\"},{\"@type\":\"ListItem\",\"position\":2,\"name\":\"\"}]}]}<\/script>\n<!-- \/ Yoast SEO plugin. -->","_links":{"self":[{"href":"https:\/\/www.adspapelaria.com.br\/index.php?rest_route=\/wp\/v2\/pages\/6"}],"collection":[{"href":"https:\/\/www.adspapelaria.com.br\/index.php?rest_route=\/wp\/v2\/pages"}],"about":[{"href":"https:\/\/www.adspapelaria.com.br\/index.php?rest_route=\/wp\/v2\/types\/page"}],"author":[{"embeddable":true,"href":"https:\/\/www.adspapelaria.com.br\/index.php?rest_route=\/wp\/v2\/users\/2"}],"replies":[{"embeddable":true,"href":"https:\/\/www.adspapelaria.com.br\/index.php?rest_route=%2Fwp%2Fv2%2Fcomments&post=6"}],"version-history":[{"count":75,"href":"https:\/\/www.adspapelaria.com.br\/index.php?rest_route=\/wp\/v2\/pages\/6\/revisions"}],"predecessor-version":[{"id":453,"href":"https:\/\/www.adspapelaria.com.br\/index.php?rest_route=\/wp\/v2\/pages\/6\/revisions\/453"}],"wp:featuredmedia":[{"embeddable":true,"href":"https:\/\/www.adspapelaria.com.br\/index.php?rest_route=\/wp\/v2\/media\/330"}],"wp:attachment":[{"href":"https:\/\/www.adspapelaria.com.br\/index.php?rest_route=%2Fwp%2Fv2%2Fmedia&parent=6"}],"curies":[{"name":"wp","href":"https:\/\/api.w.org\/{rel}","templated":true}]}}